8199.
3, 911
What are the prime factors of 9898?
2, 7, 101
What are the prime factors of 4134?
2, 3, 13, 53
What are the prime factors of 4887?
3, 181
What are the prime factors of 37296?
2, 3, 7, 37
List the prime factors of 2169.
3, 241
List the prime factors of 76476.
2, 3, 6373
What are the prime factors of 1960?
2, 5, 7
List the prime factors of 2595.
3, 5, 173
What are the prime factors of 1690?
2, 5, 13
List the prime factors of 733.
733
List the prime factors of 710.
2, 5, 71
List the prime factors of 398.
2, 199
What are the prime factors of 8326?
2, 23, 181
What are the prime factors of 35650?
2, 5, 23, 31
List the prime factors of 30408.
2, 3, 7, 181
What are the prime factors of 38426?
2, 19213
What are the prime factors of 4442?
2, 2221
What are the prime factors of 6592?
2, 103
What are the prime factors of 10834?
2, 5417
What are the prime factors of 1372?
2, 7
What are the prime factors of 44195?
5, 8839
What are the prime factors of 523?
523
List the prime factors of 850.
2, 5, 17
What are the prime factors of 2103?
3, 701
List the prime factors of 7023.
3, 2341
List the prime factors of 46142.
2, 23071
What are the prime factors of 158256?
2, 3, 7, 157
List the prime factors of 3490.
2, 5, 349
What are the prime factors of 241?
241
List the prime factors of 28174.
2, 14087
List the prime factors of 919.
919
List the prime factors of 105326.
2, 13, 4051
List the prime factors of 3349.
17, 197
What are the prime factors of 47480?
2, 5, 1187
What are the prime factors of 55846?
2, 7, 3989
List the prime factors of 100482.
2, 3, 16747
What are the prime factors of 113440?
2, 5, 709
What are the prime factors of 487?
487
What are the prime factors of 1380?
2, 3, 5, 23
What are the prime factors of 3594?
2, 3, 599
List the prime factors of 10049.
13, 773
List the prime factors of 3441.
3, 31, 37
What are the prime factors of 138336?
2, 3, 11, 131
What are the prime factors of 2392?
2, 13, 23
What are the prime factors of 2316?
2, 3, 193
List the prime factors of 78635.
5, 15727
List the prime factors of 740.
2, 5, 37
List the prime factors of 19134.
2, 3, 1063
List the prime factors of 17584.
2, 7, 157
List the prime factors of 6855.
3, 5, 457
What are the prime factors of 62216?
2, 7, 11, 101
List the prime factors of 199.
199
What are the prime factors of 650?
2, 5, 13
List the prime factors of 1769.
29, 61
What are the prime factors of 10216?
2, 1277
List the prime factors of 2108.
2, 17, 31
List the prime factors of 2023.
7, 17
List the prime factors of 105574.
2, 7, 7541
List the prime factors of 54024.
2, 3, 2251
What are the prime factors of 8539?
8539
What are the prime factors of 19972?
2, 4993
List the prime factors of 1573.
11, 13
What are the prime factors of 20987?
31, 677
What are the prime factors of 2906?
2, 1453
List the prime factors of 4789.
4789
What are the prime factors of 5225?
5, 11, 19
List the prime factors of 1974.
2, 3, 7, 47
List the prime factors of 1310.
2, 5, 131
List the prime factors of 184.
2, 23
What are the prime factors of 1626?
2, 3, 271
What are the prime factors of 15359?
15359
What are the prime factors of 11256?
2, 3, 7, 67
List the prime factors of 6418.
2, 3209
What are the prime factors of 13958?
2, 7, 997
List the prime factors of 3135.
3, 5, 11, 19
What are the prime factors of 112?
2, 7
What are the prime factors of 799?
17, 47
What are the prime factors of 2098?
2, 1049
What are the prime factors of 1148?
2, 7, 41
List the prime factors of 34613.
34613
List the prime factors of 1597.
1597
List the prime factors of 1322.
2, 661
List the prime factors of 31754.
2, 15877
List the prime factors of 8924.
2, 23, 97
List the prime factors of 3469.
3469
List the prime factors of 6759.
3, 751
What are the prime factors of 91745?
5, 59, 311
List the prime factors of 22714.
2, 41, 277
List the prime factors of 213.
3, 71
What are the prime factors of 15554?
2, 7, 11, 101
What are the prime factors of 5004?
2, 3, 139
List the prime factors of 2604.
2, 3, 7, 31
What are the prime factors of 3266?
2, 23, 71
What are the prime factors of 49967?
29, 1723
List the prime factors of 849.
3, 283
What are the prime factors of 424?
2, 53
List the prime factors of 813.
3, 271
What are the prime factors of 23810?
2, 5, 2381
List the prime factors of 1260.
2, 3, 5, 7
List the prime factors of 125888.
2, 7, 281
List the prime factors of 2512.
2, 157
List the prime factors of 444.
2, 3, 37
What are the prime factors of 10012?
2, 2503
What are the prime factors of 3479?
7, 71
List the prime factors of 112368.
2, 3, 2341
What are the prime factors of 4947?
3, 17, 97
What are the prime factors of 34398?
2, 3, 7, 13
List the prime factors of 23626.
2, 11813
List the prime factors of 5429.
61, 89
What are the prime factors of 13357?
19, 37
What are the prime factors of 3940?
2, 5, 197
List the prime factors of 4508.
2, 7, 23
What are the prime factors of 9283?
9283
List the prime factors of 2394.
2, 3, 7, 19
List the prime factors of 833.
7, 17
List the prime factors of 15050.
2, 5, 7, 43
List the prime factors of 4992.
2, 3, 13
What are the prime factors of 111121?
111121
List the prime factors of 1106.
2, 7, 79
List the prime factors of 170592.
2, 3, 1777
What are the prime factors of 19895?
5, 23, 173
What are the prime factors of 489?
3, 163
What are the prime factors of 14566?
2, 7283
List the prime factors of 36852.
2, 3, 37, 83
What are the prime factors of 9120?
2, 3, 5, 19
List the prime factors of 7125.
3, 5, 19
List the prime factors of 2556.
2, 3, 71
What are the prime factors of 29142?
2, 3, 1619
List the prime factors of 8507.
47, 181
List the prime factors of 7785.
3, 5, 173
What are the prime factors of 13111?
7, 1873
List the prime factors of 73.
73
List the prime factors of 1029.
3, 7
List the prime factors of 12721.
12721
List the prime factors of 1001.
7, 11, 13
List the prime factors of 17592.
2, 3, 733
What are the prime factors of 7864?
2, 983
List the prime factors of 1060.
2, 5, 53
List the prime factors of 13081.
103, 127
List the prime factors of 12984.
2, 3, 541
What are the prime factors of 4156?
2, 1039
List the prime factors of 3014.
2, 11, 137
What are the prime factors of 4193?
7, 599
List the prime factors of 3504.
2, 3, 73
List the prime factors of 47681.
47681
List the prime factors of 21343.
7, 3049
List the prime factors of 29518.
2, 14759
List the prime factors of 1573.
11, 13
List the prime factors of 84807.
3, 349
List the prime factors of 3197.
23, 139
List the prime factors of 3428.
2, 857
What are the prime factors of 7077?
3, 7, 337
List the prime factors of 1483.
1483
What are the prime factors of 5301?
3, 19, 31
What are the prime factors of 45661?
7, 11, 593
What are the prime factors of 16551?
3, 613
List the prime factors of 2132.
2, 13, 41
What are the prime factors of 202269?
3, 191, 353
What are the prime factors of 3575?
5, 11, 13
What are the prime factors of 91959?
3, 7, 29, 151
List the prime factors of 999.
3, 37
List the prime factors of 47818.
2, 23909
List the prime factors of 70827.
3, 23609
List the prime factors of 18846.
2, 3, 349
List the prime factors of 4629.
3, 1543
List the prime factors of 184.
2, 23
What are the prime factors of 6690?
2, 3, 5, 223
What are the prime factors of 13050?
2, 3, 5, 29
What are the prime factors of 30397?
113, 269
What are the prime factors of 3018?
2, 3, 503
What are the prime factors of 17530?
2, 5, 1753
What are the prime factors of 61904?
2, 53, 73
What are the prime factors of 14132?
2, 3533
List the prime factors of 57820.
2, 5, 7, 59
What are the prime factors of 12401?
12401
List the prime factors of 3888.
2, 3
List the prime factors of 7355.
5, 1471
What are the prime factors of 44?
2, 11
What are the prime factors of 46092?
2, 3, 23, 167
What are the prime factors of 43845?
3, 5, 37, 79
What are the prime factors of 22963?
22963
List the prime factors of 5633.
43, 131
List the prime factors of 19366.
2, 23, 421
List the prime factors of 4476.
2, 3, 373
List the prime factors of 2079.
3, 7, 11
List the prime factors of 22264.
2, 11, 23
What are the prime factors of 140?
2, 5, 7
List the prime factors of 27957.
3, 9319
What are the prime factors of 402?
2, 3, 67
What are the prime factors of 8194?
2, 17,